3 (base 5) in base 2?
-11000001110001011101
What is -8819 (base 10) in base 13?
-4025
What is -21353511 (base 7) in base 5?
-432002233
What is 5c9974 (base 15) in base 5?
2113440014
Convert -2257502 (base 8) to base 13.
-18674c
-100011121222 (base 3) to base 13
-64223
What is -8298a8 (base 11) in base 10?
-1330755
Convert 15741b (base 14) to base 12.
301b95
Convert -e75971 (base 15) to base 12.
-3828507
Convert c9b93 (base 13) to base 12.
156b18
4b798 (base 13) to base 7
1121226
-3443110 (base 5) to base 8
-171510
4fd85 (base 16) to base 14
87285
313402320 (base 5) to base 3
2110112120210
What is -11010110100011100011 (base 2) in base 11?
-5502a7
Convert 1212716 (base 8) to base 2.
1010001010111001110
121121012201 (base 3) to base 9
547181
-19660c (base 14) to base 16
-dc064
Convert 233820 (base 9) to base 5.
14000014
Convert 99056a (base 12) to base 9.
4508081
What is -205213030 (base 6) in base 14?
-69d870
11120002111202 (base 3) to base 9
4502452
What is -110101010010000001 (base 2) in base 12?
-a6369
What is -1de5cd (base 16) in base 14?
-3900b3
Convert -1523638 (base 11) to base 16.
-27d6aa
Convert -530023 (base 7) to base 5.
-10410010
-1000021021200201 (base 3) to base 8
-67221210
Convert 321003003 (base 4) to base 9.
385470
What is 28271b (base 14) in base 10?
1389861
What is 231012200 (base 4) in base 2?
101101000110100000
What is -101210112222200 (base 3) in base 7?
-66530562
What is 19b3f4 (base 16) in base 15?
23417d
What is -462833 (base 10) in base 11?
-296808
Convert 100110100111101100111 (base 2) to base 3.
2101021221210
Convert 1044112424 (base 6) to base 2.
101011011101101011000000
What is 2aa146 (base 11) in base 2?
1110101101011001001
102031113333 (base 4) to base 11
2770342
295ad (base 15) to base 6
2503201
Convert -cb00d (base 14) to base 10.
-491189
-130111033323 (base 4) to base 10
-7427067
Convert 4086540 (base 10) to base 5.
2021232130
Convert -3232115 (base 8) to base 15.
-121607
Convert -40c34b (base 16) to base 4.
-100030031023
What is -163651 (base 9) in base 10?
-101134
Convert -4364504 (base 7) to base 2.
-10000011000111010100
12720119 (base 10) to base 5
11224020434
Convert 1310203003 (base 4) to base 6.
14122031
-280115 (base 9) to base 2
-101001101010111001
Convert 100000011011101010 (base 2) to base 9.
222202
What is 64420 (base 7) in base 4?
3321310
What is 516044 (base 7) in base 12?
43292
Convert -4141166 (base 7) to base 3.
-221021100222
-1020021121 (base 3) to base 5
-1234022
Convert -144022341 (base 5) to base 16.
-bb4f5
Convert 197a09 (base 13) to base 2.
10011101100100101100
Convert 2118470 (base 9) to base 2.
100010101000001110111
23144002 (base 6) to base 7
6031442
Convert -1434031 (base 6) to base 4.
-110021203
Convert -12331245 (base 6) to base 15.
-7db3b
12420270 (base 8) to base 12
b118a0
Convert -1150746 (base 8) to base 12.
-132972
What is -20553160 (base 7) in base 16?
-1a9d76
Convert -35a81 (base 13) to base 8.
-300237
-1202012210122 (base 3) to base 2
-11100010111000110010
What is 3303124003 (base 5) in base 16?
6c13fb
Convert 7bb6c0 (base 15) to base 13.
12bc733
12123223233 (base 4) to base 7
20222124
What is -2121211022201 (base 3) in base 6?
-45514031
Convert 11100111011101111 (base 2) to base 3.
20000120022
What is 12002101001 (base 3) in base 6?
2051344
41310530 (base 6) to base 4
10202310312
What is -1166564 (base 8) in base 12?
-136a70
58efdc (base 16) to base 6
324532044
-161b67a (base 13) to base 10
-7108410
What is 111001100111010010 (base 2) in base 13?
8354a
What is -4124120043 (base 5) in base 10?
-8426273
What is 16210055 (base 8) in base 10?
3739693
What is 251051040 (base 6) in base 8?
22267000
What is -3230301301 (base 4) in base 11?
-602724
-2020210022 (base 4) to base 15
-b0b15
231333133 (base 5) to base 8
3764746
Convert 22410422 (base 5) to base 11.
1278a9
What is -1055087 (base 10) in base 13?
-2ac317
Convert -11254426 (base 9) to base 7.
-64324242
What is 2101002102021 (base 3) in base 2?
100110011111110100010
What is -3c41fb (base 16) in base 2?
-1111000100000111111011
Convert 2212202000 (base 3) to base 8.
156541
78181 (base 15) to base 12
164aa1
Convert -2321031233 (base 4) to base 14.
-15a687
Convert 32713154 (base 8) to base 12.
2440438
175d26a (base 14) to base 15
1029147
What is -184551 (base 12) in base 5?
-102004123
986a390 (base 11) to base 13
378bb65
-2133761 (base 8) to base 3
-1002000210010
What is 1535342 (base 6) in base 4?
112020032
Convert -151164262 (base 7) to base 16.
-9916fc
What is 354462 (base 13) in base 4?
10311020310
What is -540763 (base 9) in base 3?
-121100212010
10101021001 (base 4) to base 14
211a13
10010101100000 (base 2) to base 9
14111
36c4bc (base 13) to base 9
2420286
Convert -62220 (base 16) to base 13.
-110c55
Convert 20a534 (base 13) to base 2.
10111010111000000100
20110110121212 (base 3) to base 8
15063075
3531270 (base 8) to base 10
963256
Convert 167713 (base 8) to base 12.
2b637
Convert 33222212 (base 4) to base 5.
4023131
-195a2 (base 12) to base 7
-213152
What is -89ba3 (base 16) in base 13?
-169a09
What is -2211111102 (base 4) in base 5?
-133132302
-85638 (base 16) to base 12
-224220
What is -10145212 (base 8) in base 10?
-2149002
14260 (base 16) to base 4
110021200
-101110000101110001 (base 2) to base 12
-91301
What is -ee30d (base 15) in base 7?
-6301042
Convert -232be (base 15) to base 3.
-12200122022
2484870 (base 9) to base 13
385ab8
Convert -21210111 (base 3) to base 15.
-1a3d
What is -36307111 (base 8) in base 5?
-4014410111
Convert -3b9acb (base 14) to base 16.
-1f7a23
Convert -21113101 (base 4) to base 12.
-1a241
What is 2704270 (base 8) in base 12?
305534
Convert -101111011110110011 (base 2) to base 4.
-233132303
What is -29b1a (base 14) in base 2?
-11001010100011100
Convert -11343344 (base 5) to base 14.
-2a947
3460034 (base 7) to base 4
1222012232
What is 33146a (base 11) in base 2?
10000001001001000111
What is -10021620 (base 7) in base 4?
-3022121010
Convert 5e5a3e (base 15) to base 7.
53313602
Convert 100111010101010101010 (base 2) to base 9.
2374002
-82095 (base 14) to base 2
-1001100011001110011
d2bf (base 16) to base 6
1053435
-22220201111221 (base 3) to base 7
-55162561
Convert 3d5d5b (base 14) to base 16.
207d4d
What is -241122310 (base 6) in base 11?
-2619413
Convert 112424101 (base 5) to base 10.
514276
What is -12220012303 (base 4) in base 13?
-48a8c1
What is 36164032 (base 7) in base 11?
18a2082
Convert 101416 (base 10) to base 11.
6a217
Convert -53c21 (base 16) to base 14.
-8d053
-130166612 (base 7) to base 4
-133202303030
101101100011 (base 3) to base 8
617117
What is 2424 (base 13) in base 3?
20222220
Convert -224351545 (base 6) to base 10.
-4135961
Convert -57e2 (base 15) to base 12.
-a972
Convert 363b (base 16) to base 15.
41a8
131445 (base 9) to base 8
233722
-923da (base 15) to base 14
-c0b79
What is 3212305 (base 6) in base 12?
77095
What is 11561361 (base 7) in base 11?
650546
Convert -67476441 (base 8) to base 2.
-110111100111110100100001
105424410 (base 6) to base 2
111011011011111010110
What is 171a2 (base 14) in base 9?
87452
What is 101021101012210 (base 3) in base 2?
10100110100111010110101
-1a5310 (base 11) to base 7
-2446611
What is 30774a (base 13) in base 15?
174e6d
What is -10311110230 (base 4) in base 15?
-1a060d
Convert -50b7eb (base 15) to base 8.
-16503624
What is -3410460 (base 7) in base 12?
-184826
What is -5255655 (base 7) in base 13?
-1935a5
What is 46256260 (base 7) in base 5?
2014013013
-114715 (base 12) to base 13
-99407
What is -1311021200 (base 4) in base 11?
-2a8569
What is 63c82 (base 13) in base 9?
304031
-a6755 (base 12) to base 15
-44c6b
Convert -3cc993 (base 13) to base 6.
-51453120
What is 1074818 (base 10) in base 5?
233343233
Convert 170058 (base 15) to base 4.
10033323221
What is -2423012141 (base 5) in base 16?
-568f5c
354143 (base 7) to base 2
1111100110000110
Convert 490734 (base 10) to base 14.
caba6
Convert -3900f (base 16) to base 6.
-5000543
Convert -7aed (base 15) to base 6.
-320454
-137623 (base 16) to base 12
-516117
-2c0c8 (base 13) to base 15
-19bba
-29a7a (base 15) to base 5
-13241430
-1418c (base 15) to base 2
-1111101111100010
What is -11413230 (base 7) in base 8?
-3670401
What is 23520022 (base 8) in base 4?
103222000102
What is 300210